tors of 2858?
2, 1429
What are the prime factors of 181066?
2, 90533
List the prime factors of 133285.
5, 19, 23, 61
List the prime factors of 20170.
2, 5, 2017
What are the prime factors of 17575?
5, 19, 37
List the prime factors of 2162.
2, 23, 47
List the prime factors of 49149.
3, 43, 127
What are the prime factors of 11928?
2, 3, 7, 71
List the prime factors of 11671.
11, 1061
What are the prime factors of 4641?
3, 7, 13, 17
What are the prime factors of 2231?
23, 97
List the prime factors of 16572.
2, 3, 1381
What are the prime factors of 6969?
3, 23, 101
What are the prime factors of 12778?
2, 6389
List the prime factors of 2281.
2281
List the prime factors of 9946.
2, 4973
List the prime factors of 10414.
2, 41, 127
List the prime factors of 3686.
2, 19, 97
What are the prime factors of 4329?
3, 13, 37
What are the prime factors of 38323?
19, 2017
What are the prime factors of 4671?
3, 173
List the prime factors of 15682.
2, 7841
What are the prime factors of 76114?
2, 19, 2003
What are the prime factors of 4242?
2, 3, 7, 101
What are the prime factors of 19593?
3, 7, 311
List the prime factors of 938.
2, 7, 67
List the prime factors of 1267.
7, 181
What are the prime factors of 56098?
2, 7, 4007
What are the prime factors of 33805?
5, 6761
What are the prime factors of 1975?
5, 79
What are the prime factors of 4518?
2, 3, 251
List the prime factors of 18202.
2, 19, 479
List the prime factors of 69309.
3, 17, 151
List the prime factors of 19236.
2, 3, 7, 229
What are the prime factors of 690?
2, 3, 5, 23
What are the prime factors of 1628?
2, 11, 37
List the prime factors of 5111.
19, 269
List the prime factors of 23746.
2, 31, 383
List the prime factors of 38036.
2, 37, 257
What are the prime factors of 31775?
5, 31, 41
What are the prime factors of 13328?
2, 7, 17
What are the prime factors of 36285?
3, 5, 41, 59
What are the prime factors of 5284?
2, 1321
List the prime factors of 7224.
2, 3, 7, 43
List the prime factors of 16369.
16369
What are the prime factors of 8506?
2, 4253
What are the prime factors of 1672?
2, 11, 19
List the prime factors of 11479.
13, 883
List the prime factors of 19727.
19727
List the prime factors of 16021.
37, 433
What are the prime factors of 5500?
2, 5, 11
List the prime factors of 18183.
3, 11, 19, 29
List the prime factors of 41438.
2, 20719
List the prime factors of 19572.
2, 3, 7, 233
What are the prime factors of 3391?
3391
List the prime factors of 1152.
2, 3
What are the prime factors of 1058?
2, 23
What are the prime factors of 143?
11, 13
What are the prime factors of 1472?
2, 23
What are the prime factors of 2287?
2287
What are the prime factors of 66212?
2, 16553
What are the prime factors of 5494?
2, 41, 67
What are the prime factors of 7335?
3, 5, 163
List the prime factors of 12498.
2, 3, 2083
List the prime factors of 6003.
3, 23, 29
List the prime factors of 18395.
5, 13, 283
List the prime factors of 7210.
2, 5, 7, 103
List the prime factors of 11540.
2, 5, 577
What are the prime factors of 2707?
2707
List the prime factors of 98446.
2, 49223
List the prime factors of 74.
2, 37
List the prime factors of 7563.
3, 2521
List the prime factors of 1820.
2, 5, 7, 13
List the prime factors of 14443.
11, 13, 101
List the prime factors of 2862.
2, 3, 53
What are the prime factors of 3068?
2, 13, 59
List the prime factors of 1440.
2, 3, 5
List the prime factors of 181322.
2, 17, 5333
List the prime factors of 11488.
2, 359
What are the prime factors of 1313?
13, 101
What are the prime factors of 68474?
2, 7, 67, 73
List the prime factors of 889.
7, 127
What are the prime factors of 869?
11, 79
What are the prime factors of 7371?
3, 7, 13
What are the prime factors of 1501?
19, 79
List the prime factors of 113494.
2, 56747
What are the prime factors of 1312?
2, 41
What are the prime factors of 105820?
2, 5, 11, 13, 37
What are the prime factors of 7937?
7937
List the prime factors of 1249.
1249
List the prime factors of 6589.
11, 599
List the prime factors of 2285.
5, 457
What are the prime factors of 32406?
2, 3, 11, 491
What are the prime factors of 121?
11
What are the prime factors of 79462?
2, 67, 593
What are the prime factors of 2617?
2617
List the prime factors of 569.
569
List the prime factors of 4170.
2, 3, 5, 139
What are the prime factors of 1337?
7, 191
List the prime factors of 714.
2, 3, 7, 17
List the prime factors of 1536.
2, 3
What are the prime factors of 105?
3, 5, 7
List the prime factors of 110273.
110273
What are the prime factors of 319?
11, 29
List the prime factors of 2505.
3, 5, 167
What are the prime factors of 887?
887
What are the prime factors of 3565?
5, 23, 31
List the prime factors of 2749.
2749
List the prime factors of 1062.
2, 3, 59
List the prime factors of 5577.
3, 11, 13
What are the prime factors of 86679?
3, 9631
List the prime factors of 414.
2, 3, 23
What are the prime factors of 185?
5, 37
What are the prime factors of 111212?
2, 27803
List the prime factors of 8733.
3, 41, 71
List the prime factors of 2271.
3, 757
List the prime factors of 758.
2, 379
List the prime factors of 4254.
2, 3, 709
List the prime factors of 33759.
3, 11, 31
List the prime factors of 434.
2, 7, 31
List the prime factors of 1624.
2, 7, 29
What are the prime factors of 40838?
2, 7, 2917
What are the prime factors of 139502?
2, 11, 17, 373
What are the prime factors of 917?
7, 131
List the prime factors of 5896.
2, 11, 67
List the prime factors of 884.
2, 13, 17
What are the prime factors of 1843?
19, 97
What are the prime factors of 27675?
3, 5, 41
List the prime factors of 3608.
2, 11, 41
What are the prime factors of 3711?
3, 1237
What are the prime factors of 5255?
5, 1051
What are the prime factors of 3418?
2, 1709
List the prime factors of 8153.
31, 263
List the prime factors of 423.
3, 47
List the prime factors of 5169.
3, 1723
What are the prime factors of 987?
3, 7, 47
List the prime factors of 1911.
3, 7, 13
What are the prime factors of 2619?
3, 97
List the prime factors of 16966.
2, 17, 499
List the prime factors of 115241.
7, 101, 163
What are the prime factors of 21539?
7, 17, 181
List the prime factors of 201225.
3, 5, 2683
What are the prime factors of 189?
3, 7
What are the prime factors of 548?
2, 137
List the prime factors of 3072.
2, 3
What are the prime factors of 52366?
2, 26183
What are the prime factors of 1162?
2, 7, 83
What are the prime factors of 62196?
2, 3, 71, 73
What are the prime factors of 1294?
2, 647
List the prime factors of 1066.
2, 13, 41
List the prime factors of 4982.
2, 47, 53
What are the prime factors of 12835?
5, 17, 151
List the prime factors of 11998.
2, 7, 857
List the prime factors of 1755.
3, 5, 13
What are the prime factors of 340?
2, 5, 17
What are the prime factors of 1912?
2, 239
What are the prime factors of 4684?
2, 1171
List the prime factors of 60380.
2, 5, 3019
What are the prime factors of 549?
3, 61
What are the prime factors of 140084?
2, 7, 5003
List the prime factors of 427.
7, 61
What are the prime factors of 282?
2, 3, 47
What are the prime factors of 413?
7, 59
What are the prime factors of 1172?
2, 293
What are the prime factors of 1055?
5, 211
List the prime factors of 4441.
4441
What are the prime factors of 2964?
2, 3, 13, 19
What are the prime factors of 816?
2, 3, 17
What are the prime factors of 54191?
47, 1153
What are the prime factors of 45257?
167, 271
List the prime factors of 9684.
2, 3, 269
What are the prime factors of 7281?
3, 809
List the prime factors of 58559.
31, 1889
What are the prime factors of 1107?
3, 41
List the prime factors of 60195.
3, 5, 4013
What are the prime factors of 14504?
2, 7, 37
List the prime factors of 594.
2, 3, 11
What are the prime factors of 11192?
2, 1399
List the prime factors of 12947.
11, 107
List the prime factors of 7197.
3, 2399
What are the prime factors of 17662?
2, 8831
What are the prime factors of 1074?
2, 3, 179
List the prime factors of 43629.
3, 14543
What are the prime factors of 1314?
2, 3, 73
What are the prime factors of 49693?
7, 31, 229
What are the prime factors of 16077?
3, 23, 233
List the prime factors of 24430.
2, 5, 7, 349
What are the prime factors of 5965?
5, 1193
What are the prime factors of 23476?
2, 5869
List the prime factors o